ghest common factor of z and 22?
11
Let h(z) = -255*z**3 - 9*z**2 - 14*z + 9. Let b be h(-2). What is the greatest common factor of 26 and b?
13
Suppose -1734 - 7562 = -83*j. Calculate the highest common factor of j and 98.
14
Let y be (-6 - -487) + (-120)/(-8) + -8 + -8. Let h be 64*(6/4 + -1). What is the highest common divisor of y and h?
32
Suppose -3*w + 34 = 5*u, -4*u = -w - 18 + 1. Suppose 5*j = -2*q - 17, -4*j - 37 = -w*q - 5. Calculate the greatest common divisor of 36 and q.
4
Let m = 63 + -59. Suppose 0 = -m*a - h - 3*h + 244, -3*a + 215 = -5*h. Let v = 78 - a. Calculate the highest common divisor of 13 and v.
13
Let b be (3 - -3) + (59 - 13). What is the greatest common divisor of b and 2158?
26
Suppose 138*l - 98010 = -12*l - 120*l. What is the greatest common divisor of 3267 and l?
363
Suppose j + 4*g + 318 = 0, -g = -j - 343 + 20. Let o = -153 - j. What is the greatest common divisor of o and 13?
13
Let v = -9488 + 9728. What is the greatest common factor of 600 and v?
120
Let v(m) = 57*m**2 - 41*m + 40. Let n be v(1). Calculate the highest common divisor of 70 and n.
14
Let o be 120705/4485 - (-8)/92. Let j = 296 - 188. What is the greatest common divisor of j and o?
27
Suppose 6*c - 12 = 3*c. Let y be (96/56)/(c/798). Suppose -12*i = -3*i - y. Calculate the highest common factor of i and 304.
38
Let y be (-315)/(-28) - 5/20. Suppose y*x - 733 = -7. What is the highest common divisor of 6 and x?
6
Suppose 8 = -3*n + 3*j - 94, 5*n + 4*j = -206. Let w = 37 + n. Let m be 101 - (w + 0 - 2). What is the greatest common factor of 8 and m?
8
Suppose 0*z = 2*k + z - 21, 60 = 5*k + 4*z. Let d be 6*-2*4/(-8). Suppose d*n = 7*n - u - 20, 0 = -2*u + k. What is the highest common divisor of 120 and n?
24
Suppose -259 = 51*g - 50*g. Let i = 301 + g. Calculate the greatest common factor of 12 and i.
6
Let u(l) = -l + 24. Let g be u(0). Suppose -y + 3*y = 3*d + 159, d = 3. Calculate the highest common factor of g and y.
12
Suppose 2*q - 75 = 165. Suppose 8 = 4*b, -2*l + b = -4*b - q. Calculate the highest common factor of l and 26.
13
Suppose 89*f - 77*f - 14292 = 0. Suppose 5*o - f = 459. Calculate the highest common factor of 198 and o.
66
Let l(b) = 2*b**3 + b**2 - 7*b - 18. Let c be l(-7). Let u = c - -612. What is the highest common factor of 258 and u?
6
Suppose 0 = -116*k + 6236 - 2060. What is the greatest common factor of 666 and k?
18
Suppose -27*y - 2*b - 2070 = -29*y, 2*y - 2076 = -b. What is the highest common factor of y and 122?
61
Suppose 5*y + 3*x + 43 = 179, 5*y = -4*x + 133. Let n = y + -20. Suppose n*k = 10*k - 32. Calculate the highest common divisor of k and 4.
4
Let f be (44/(-48)*4)/((-2)/6). Let c be ((f/(-5) + 4)*-5)/(-1). Calculate the greatest common divisor of 117 and c.
9
Let u(f) = -8*f + 38. Let m(g) = -2*g. Let v(p) = -2*m(p) + u(p). Let l be v(6). What is the highest common divisor of 224 and l?
14
Let r = 38 + -36. Suppose -o + r*x = 34, 122 = -4*o + 4*x - 14. Let h be (-16077)/(-391) + 4/o. What is the highest common divisor of h and 328?
41
Let v(m) = -m**3 + 157*m**2 - 451*m + 227. Let o be v(154). Calculate the greatest common divisor of 17 and o.
17
Let q(i) = 126*i + 6910. Let k be q(-17). Calculate the highest common factor of 160 and k.
32
Let x = 9704 - 9652. Calculate the greatest common divisor of 4316 and x.
52
Suppose -31128 = -8*y + 8808. What is the highest common divisor of 78 and y?
78
Suppose 15*c + 293 - 368 = 0. Suppose -3*u - 16 + 4 = 0, -3*o + 389 = -c*u. What is the highest common divisor of 287 and o?
41
Let z(n) = 14*n + 57. Let v(a) = 5*a + 18. Let i(o) = -11*v(o) + 4*z(o). Let t be i(4). Calculate the greatest common factor of 2 and t.
2
Suppose 8*m = 3*m - 4*l + 223, 0 = -5*m + 4*l + 247. Let b = -1533 - -1537. Let g = m - b. What is the greatest common divisor of g and 86?
43
Let f be (5/5)/(-2*2/(-1228)). Let n = -187 + f. What is the greatest common factor of n and 24?
24
Suppose 3*u + 3 = 3*g, g - 1 = 5*u - 8. Suppose g*z = 14 + 10. Suppose n - w = 32, 5*n - 148 = z*w - 6*w. What is the highest common factor of 7 and n?
7
Let t = 20 + 28. Let h = -2492 - -2556. Calculate the greatest common factor of h and t.
16
Suppose 12645 = -255*w + 300*w. What is the greatest common divisor of 28381 and w?
281
Let x = 7473 - 4000. Calculate the greatest common divisor of x and 115.
23
Suppose 3*a + 2*m + 3 = 1003, 4*a + 2*m = 1330. Suppose -836 = -35*d + 16*d. What is the greatest common factor of a and d?
22
Let t(a) = 1740*a - 1521. Let f be t(12). Calculate the highest common factor of 9 and f.
9
Suppose 37*t = 68 - 179. Let w be 13 - ((-5 - t) + 2). Calculate the highest common factor of w and 52.
13
Let z be ((-784)/84)/((-4)/18). Calculate the greatest common divisor of z and 57.
3
Let k be ((-4)/(-10))/((176/(-200))/(-11)). Let f be (6/k)/((-17)/(-340)). Calculate the greatest common divisor of 12 and f.
12
Suppose -4*w - l + 285 = 0, 197*w + l - 213 = 194*w. Let r(f) = -2*f**2 - 20*f - 6. Let k be r(-7). What is the greatest common divisor of w and k?
36
Suppose 0 = -n + 4 - 1. Suppose 2*b + 2*y = -0*b + 60, 5*b - n*y - 166 = 0. Let g be 10*6*(-4)/(-60)*24. Calculate the greatest common factor of g and b.
32
Let j = -401 + 658. Suppose j*r - 250*r = 42. Suppose 2*i = w + 27 + 2, -5*i = -3*w - 75. What is the greatest common divisor of r and i?
6
Suppose -32*i + 36*i + t - 62 = 0, 5*t = 2*i - 42. Suppose 2*p + 17*o - 21*o = i, 4*o = p - 12. Calculate the greatest common divisor of 212 and p.
4
Suppose -3*b - 378 + 3354 = 0. Calculate the greatest common divisor of b and 124.
124
Let o be (-4)/28 - -10*(-438)/(-84). Calculate the greatest common factor of o and 8.
4
Suppose -3*h = h - 40. Let j = 4135 + -4125. What is the greatest common divisor of j and h?
10
Let g = -30 + 40. Let i = -21 + g. Let y = 16 + i. What is the highest common divisor of 10 and y?
5
Let y(c) = c + 28. Let a be y(-22). Let o be (-49)/(a/((-42)/7)). Calculate the highest common factor of o and 21.
7
Suppose -59 = -19*k + 78*k. Let o be 7 + k + -7 + 202. What is the highest common factor of 268 and o?
67
Let d = -188 + 165. Let s(m) = 5*m**2 + 108*m - 11. Let h be s(d). Calculate the highest common factor of h and 100.
50
Let w(o) = 4*o + 2. Let f be w(0). Suppose -5*b = -2*j - f, 2*j + j = b - 3. Let p = 5 + j. Calculate the highest common divisor of p and 6.
2
Suppose -97*p + 44*p = -226575. Calculate the greatest common factor of p and 50.
25
Let k be (3*337)/(153/561). What is the greatest common divisor of 11 and k?
11
Let c be (47725/10 - -5)*2/3. Calculate the highest common factor of c and 70.
35
Suppose 5*p + 3*q - 205 - 1008 = 0, 0 = -3*p - q + 727. Calculate the greatest common factor of 26 and p.
2
Let c(i) = 2*i**2 + 14*i - 12. Let x be c(-8). Suppose -2*w + 3*q = -2*q - 147, -20 = -x*q. What is the greatest common divisor of 43 and w?
43
Let y = 4492 - 4476. What is the greatest common divisor of 2312 and y?
8
Let w(t) = -t**2 - 14*t - 35. Let f be w(-10). Suppose -5*n = j - 87, -11 - 73 = -f*n - 2*j. What is the greatest common divisor of n and 450?
18
Let v(y) = -3*y**2 - 41*y - 25. Let n be v(-13). Let x = -61 + 81. Let o be 42/(0 + n - x/80). What is the highest common divisor of o and 504?
56
Let v(i) = -11*i + 12. Let h(d) = d**3 - 9*d**2 + 4*d + 15. Let b be h(8). Let s be v(b). Let k = 297 - s. Calculate the greatest common divisor of k and 14.
14
Suppose -z - 3*h = -285, -4*z - z + 4*h + 1387 = 0. Suppose 4*d + 5*c - 31 - 15 = 0, 49 = 5*d + 2*c. What is the highest common factor of z and d?
9
Let k = 5246 + -5208. What is the greatest common factor of k and 13946?
38
Let o(m) = 3*m**2 + 4*m - 5. Let h(y) = 2*y + 6. Let d be h(-2). Let k be o(d). Let s be (-4)/5 - (-2322)/k. Calculate the highest common divisor of s and 14.
14
Let x(y) = -797*y - 1462. Let a be x(-2). Suppose 4*p = 3*d + 2889, 2*p + 0*d = d + 1447. What is the greatest common factor of a and p?
66
Suppose 319*o = 343*o - 45816. What is the greatest common divisor of o and 913?
83
Let g(c) = 73*c**2 + 578*c + 17. Let z be g(-8). What is the greatest common factor of z and 377?
13
Let b = -181 + 180. Let j be 2/(9 - b) - 537/(-15). Suppose 0 = 5*o - 2*t - 3*t - 1640, 5*t = -o + 304. What is the highest common factor of